= -2*m. What is the units digit of v?
5
Let s = 6270 + 4734. What is the ten thousands digit of s?
1
Let v(i) = -76*i + 80. Let k(f) = 74*f - 81. Let s(m) = 5*k(m) + 6*v(m). What is the units digit of s(-3)?
3
Let x = 57166 - 22090. What is the thousands digit of x?
5
Suppose 4*l = 11*w - 10*w + 26800, -w + 4 = 0. What is the units digit of l?
1
Let t = 47 + 1145. What is the hundreds digit of (-9)/(-27) + t/6?
1
Let c = -6418 + 9944. What is the units digit of c?
6
Let v(m) = -2*m**2 - 17*m + 61. Let k be v(-11). Suppose -3 = -3*n + k. What is the units digit of n?
3
What is the units digit of 1615679/74 + 1/4 - 3/(-12)?
4
Let h = -631 + 1584. Let k = h - 610. What is the units digit of k?
3
Suppose -5 = o, 15*w + 5659 = 18*w + o. Let p = w - 432. What is the thousands digit of p?
1
Suppose -2951815 + 1415275 = -187*m + 6772992. What is the thousands digit of m?
4
Let k(j) = 52700*j + 259. What is the hundreds digit of k(1)?
9
Suppose 23*r + 3*s - 171792 = 0, 22*s + 7446 = r + 26*s. What is the units digit of r?
0
Let h be 22/33 - 3270/(-9). Suppose 34*s + h = 36*s. What is the units digit of s?
2
Suppose 3*s - 1 = 2*a + 3, s - 3*a = -8. Suppose -s*l + 3972 = 4*b, 5*l = 2*b - b - 987. What is the units digit of b?
2
Let x(g) = -g**3 - 16*g**2 + 18*g + 32. Let l be x(-17). Suppose r + 2859 = 5*b, -l*r = -3*b - 14*r + 1715. What is the tens digit of b?
7
Let b = -1100 - -3678. What is the hundreds digit of b?
5
Let y(f) = -f**3 + 2*f**2 + f + 8. Let x be y(0). Suppose x*w = 7*w. Suppose w = 2*c + 2*c - 588. What is the hundreds digit of c?
1
Suppose 0 = 3*l - 5*u - 4192 + 85, l = 5*u + 1359. Let n = -612 + l. What is the tens digit of n?
6
What is the units digit of (((-5)/3)/(-5))/((-123)/(-13785102))?
8
Let c = -282 + 287. Suppose -731 = -4*s + 3*m, -c*s + 3*m + 367 = -3*s. What is the tens digit of s?
8
Suppose 4*c - 6378 = 2*t, 5*c + 0*t - 8005 = -4*t. Let a = c + -1047. What is the tens digit of a?
5
Suppose 0*a - 73 = a - 2*q, 4*q = a + 83. Let k be -47 - (-6 - -5) - -4. Let y = k - a. What is the units digit of y?
1
Suppose -22*m - 12283 = 6637. Let p = m + 1407. What is the tens digit of p?
4
Let t = -10755 + 24876. What is the thousands digit of t?
4
Let j(w) = 93*w + 45. Let i be j(16). Suppose -20*q = -i - 1327. What is the hundreds digit of q?
1
Let n(r) = r**3 - 10*r**2 - 23*r + 45. Let y be ((-1)/((-5)/(-4)))/(2/(-35)). What is the units digit of n(y)?
7
Let g(s) = -11*s + 59. Let v be g(5). Suppose h + 5*j - 126 = 0, -573 = -v*h - j + 4*j. What is the hundreds digit of h?
1
What is the ten thousands digit of (-258096)/(-21) - (-40)/(-140)?
1
Let i(u) be the second derivative of -65*u**3/6 + u**2/2 + 18*u. Let d = -12 + 10. What is the units digit of i(d)?
1
Suppose 3*v = -4*u - 159, 5*v + 205 = 3*u - 8*u. Let a = 11 - u. Suppose -g = -3*g + n + a, 0 = 3*g + 3*n - 66. What is the tens digit of g?
2
Suppose 2*p = -39*p + 123257 + 295394. What is the units digit of p?
1
Suppose -2*y - 4*p + 9492 = 0, -7*p = 5*y - 4*p - 23758. What is the tens digit of y?
5
Let u = -11984 - -5684. What is the units digit of (u/40)/((-3)/4)?
0
Let o(m) = m**2 + 416*m + 23948. What is the units digit of o(0)?
8
Suppose 22*w - 4444 - 2068 = 0. What is the units digit of w?
6
Let g(u) = u + 36. Suppose -38 = 5*r + 5*j + 7, 3*j - 57 = 4*r. Let x be g(r). Suppose -27*d = -x*d - 327. What is the units digit of d?
9
Suppose 4*w = -2*q + 2756, 10*w + 2*q - 1376 = 8*w. Suppose 0 = 12*h - 3774 - w. What is the units digit of h?
2
Suppose -1197 - 11247 = -17*k. Suppose 10*i = 788 + k. What is the tens digit of i?
5
What is the units digit of 111009*16/24 + 15?
1
Suppose 20 = -2*f - 4*l - 0, 2*f - 4*l - 20 = 0. Suppose f*m - 151 = m. Let j = -103 - m. What is the units digit of j?
8
Let w(j) = 336*j**3 + 2*j**2 - 8*j + 12. Let z be w(2). Suppose -o + 666 = 3*p, -4*o + 10*p = 8*p - z. What is the hundreds digit of o?
6
Suppose 0 = -7*n - 2 + 9. Suppose 5*m + n - 16 = 0. Suppose -4*u + i + 189 = 0, -m = -2*i + i. What is the units digit of u?
8
Let v = -35848 - -71271. What is the hundreds digit of v?
4
Suppose -5*b + 24106 = -3*x + 9958, 5652 = 2*b - 3*x. Suppose -577*g + 579*g - b = 0. What is the hundreds digit of g?
4
Let l = 35 - 20. Let m(i) = 26*i + 30*i - 69*i - l. What is the units digit of m(-8)?
9
Let l(v) = -758*v - 373. What is the units digit of l(-18)?
1
Suppose j - 4*m = 445, 5*m = j - 0*j - 443. Suppose 6*i - r - 1424 = 3*i, i + 4*r = j. What is the units digit of i?
3
Let m = -73442 - -116512. What is the thousands digit of m?
3
Suppose -373*f + 381*f = 5952. Suppose -126*p = -123*p - f. What is the hundreds digit of p?
2
Suppose -73*u = -53*u - 111660. What is the thousands digit of u?
5
Suppose 2*y = 2*o + 82, 158 = 4*y + o - 3*o. Suppose -33*d + y*d = 590. Let b = d - 39. What is the units digit of b?
9
Let k(d) be the third derivative of 89*d**4/24 + 17*d**3/6 - 37*d**2 - 2*d. What is the tens digit of k(5)?
6
Suppose 1478 = 2*f + 294. Suppose 2*l + 5*q - 109 + 84 = 0, 68 = 4*l + 4*q. What is the units digit of (f/l)/((3/10)/3)?
6
Suppose -175 = -2*t + w + 154, 2*t + 4*w = 354. Let k = -190 + 116. Let h = k + t. What is the tens digit of h?
9
Let b be 1762*-1*(47 - 48). Let h = -1003 + b. What is the hundreds digit of h?
7
Let d(n) = -115*n - 17*n + 189 - 160 - 12*n. What is the tens digit of d(-3)?
6
Let y(h) = h**2 - h + 111. Let r = -593 + 611. What is the hundreds digit of y(r)?
4
Let m(a) = a + 9. Let u be m(-1). Suppose u*b - 3013 = 1547. What is the units digit of b?
0
Let y(j) = 21*j**3 + 27*j**2 - 32*j - 23. What is the thousands digit of y(10)?
3
Suppose 4*k + c - 4*c = 265, -4*k - 5*c + 305 = 0. Let d = k - 11. What is the tens digit of d?
5
Let t(k) = 0*k**3 - 3 - 207*k - k**3 + 206*k + 4*k**2. Let h be t(3). Suppose -h*i + 525 = 3*f, i + 0*i - f = 179. What is the units digit of i?
7
Suppose -201*f + 654937 = -168*f - 315494. What is the thousands digit of f?
9
What is the thousands digit of 15005*((-488)/(-40) + -12)?
3
Let g(j) = j**2 + 5*j + 9. Let o be g(-2). Suppose -o - 9 = -4*y. Suppose 96 = -y*b + 5*b. What is the units digit of b?
8
Let q(z) = 17*z + 12. Let f be q(5). Suppose 3*c + f = -44. Let w = -44 - c. What is the units digit of w?
3
Suppose -16 = -9*n + 29. Suppose 6*m - 66 = m + l, -2*m + n*l = -31. Let q = 32 - m. What is the units digit of q?
9
Let a(y) = -4*y + 10 - 19 - 3*y. Let p be a(12). Let v = p - -194. What is the hundreds digit of v?
1
Let q = -23539 + 58092. What is the ten thousands digit of q?
3
Suppose -5*j + 2*v = -440604, 176256 = 2*j + 5*v - v. Let l be 8/(-28) - j/(-21). What is the units digit of l/30 + ((-80)/75)/(-8)?
0
Suppose 137*p - 395601 = 100887. What is the tens digit of p?
2
Let n = 3 - 5. Let y be n*((-7)/(-2) + -4). What is the units digit of -1*(-2 + y + -3)?
4
Suppose -8 = 2*r - 4*y + 14, 3*y - 19 = 2*r. Let u = r + 4. What is the tens digit of (-5705)/(-42) - u/6?
3
Let r(i) = -1424*i - 273. What is the units digit of r(-2)?
5
Let s = -47 + 67. Let a be s/((-1)/3*2). What is the hundreds digit of (-6)/a + (-1119)/(-5)?
2
Let a = 20 + -25. Let o(k) = -7*k - 15. Let d be o(a). Suppose -d = -3*q + 103. What is the tens digit of q?
4
What is the thousands digit of (-80)/28*57855/(-30)?
5
Suppose -j - j = 3*o + 1054, 3*j + 1619 = 5*o. Let f = -175 - j. What is the units digit of f?
8
Suppose -4*d = 2*s - 60904, d + 3*s - 60910 = -3*d. What is the hundreds digit of d?
2
Suppose -41*m + 14 = -39*m. Suppose 11*z - m*z + 5*s = 338, 0 = -3*z + 5*s + 236. What is the tens digit of z?
8
Let a(k) = 6744*k**2 + 374*k + 374. What is the units digit of a(-1)?
4
Let p(u) = u**3 + 54*u**2 + 70*u + 149. What is the units digit of p(-46)?
7
Let b(z) be the third derivative of 88*z**5/15 + z**4/12 + z**3/6 - 20*z**2. What is the hundreds digit of b(1)?
3
Let o(l) = 1510*l**3 - 2*l**2 + 12*l - 22. What is the hundreds digit of o(2)?
0
Suppose 0 = -3*p - 2*o + 21846, -42*p - 2*o + 29130 = -38*p. What is the units digit of p?
4
Let g = 137 - 165. What is the units digit of (7581/g)/(-3) + (-2)/8?
0
Let h(l) = -16 - 4 - 7*l + 14. Let o be h(-2). What is the units digit of (34/o)/(5/40)?
4
Suppose y - 3 = 3. Suppose -i - 2*b - 190 = -b, 960 = -5*i - 3*b. What is the hundreds digit of y*1/((-10)/i)?
1